What is the highest common factor of 255 and 60?
15
What is the highest common divisor of 64 and 3488?
32
What is the greatest common divisor of 1 and 12?
1
What is the highest common factor of 10340 and 220?
220
Calculate the highest common factor of 24786 and 6.
6
Calculate the highest common divisor of 5 and 21155.
5
What is the greatest common factor of 2755 and 38?
19
What is the highest common divisor of 371 and 901?
53
What is the highest common factor of 27 and 102?
3
What is the greatest common factor of 42 and 2058?
42
Calculate the greatest common divisor of 45 and 1710.
45
What is the greatest common divisor of 9040 and 80?
80
Calculate the highest common factor of 11644 and 1136.
284
Calculate the highest common factor of 40 and 3260.
20
What is the highest common factor of 3648 and 272?
16
What is the highest common divisor of 123 and 73923?
123
Calculate the greatest common factor of 371 and 63.
7
Calculate the highest common factor of 460 and 20.
20
Calculate the highest common factor of 385 and 693.
77
What is the greatest common factor of 1917 and 27?
27
What is the highest common divisor of 207 and 27?
9
Calculate the greatest common divisor of 368 and 16.
16
Calculate the highest common divisor of 77 and 88.
11
What is the highest common divisor of 1495 and 143?
13
What is the highest common divisor of 161 and 138?
23
Calculate the highest common factor of 4089 and 261.
87
Calculate the greatest common divisor of 2607 and 22.
11
What is the greatest common factor of 36 and 11538?
18
What is the highest common divisor of 230 and 50?
10
What is the greatest common factor of 1589 and 70?
7
What is the highest common factor of 92 and 414?
46
What is the greatest common divisor of 500 and 20?
20
What is the greatest common divisor of 38 and 2641?
19
Calculate the greatest common divisor of 24 and 294.
6
Calculate the greatest common divisor of 11175 and 300.
75
Calculate the greatest common factor of 4 and 28.
4
What is the greatest common divisor of 104 and 32?
8
What is the greatest common factor of 10 and 1210?
10
What is the highest common divisor of 750 and 120?
30
Calculate the highest common factor of 36096 and 16.
16
What is the highest common divisor of 4 and 148?
4
What is the highest common divisor of 55 and 35?
5
Calculate the greatest common factor of 45 and 1875.
15
Calculate the highest common factor of 31 and 403.
31
Calculate the greatest common divisor of 2050 and 325.
25
What is the highest common divisor of 114 and 1026?
114
What is the highest common factor of 819 and 42?
21
Calculate the highest common divisor of 116 and 23084.
116
What is the greatest common divisor of 176 and 198?
22
Calculate the highest common factor of 561 and 10506.
51
What is the greatest common divisor of 4 and 268?
4
Calculate the highest common factor of 7 and 172.
1
What is the highest common divisor of 20 and 2084?
4
Calculate the highest common factor of 44 and 1507.
11
What is the highest common factor of 248 and 16?
8
What is the greatest common divisor of 4 and 9668?
4
What is the greatest common divisor of 639 and 7384?
71
What is the highest common divisor of 167303 and 571?
571
Calculate the greatest common divisor of 1972 and 348.
116
What is the highest common divisor of 68 and 15436?
68
What is the greatest common divisor of 5829 and 402?
201
What is the highest common factor of 17 and 11220?
17
Calculate the highest common factor of 140 and 910.
70
Calculate the greatest common divisor of 1161 and 225.
9
What is the greatest common factor of 165 and 1518?
33
What is the greatest common factor of 30 and 10030?
10
What is the greatest common factor of 22055 and 33?
11
Calculate the highest common factor of 80 and 180.
20
Calculate the greatest common divisor of 1421 and 833.
49
What is the greatest common divisor of 123 and 3362?
41
What is the highest common divisor of 188 and 8?
4
What is the highest common factor of 133 and 627?
19
What is the highest common factor of 16237 and 13?
13
What is the highest common divisor of 812 and 7?
7
Calculate the highest common divisor of 165 and 297.
33
Calculate the highest common factor of 8620 and 40.
20
Calculate the greatest common divisor of 30 and 620.
10
Calculate the highest common factor of 126 and 54.
18
Calculate the greatest common factor of 605 and 5.
5
Calculate the greatest common divisor of 51 and 2499.
51
Calculate the highest common factor of 1431 and 1325.
53
What is the highest common factor of 4960 and 45?
5
Calculate the highest common factor of 74 and 24494.
74
Calculate the greatest common factor of 3477 and 3.
3
Calculate the highest common divisor of 518 and 294.
14
Calculate the highest common factor of 275 and 25.
25
Calculate the greatest common factor of 56 and 456.
8
Calculate the greatest common divisor of 2128 and 21.
7
What is the highest common factor of 583 and 11?
11
What is the highest common divisor of 2480 and 16?
16
Calculate the highest common factor of 361 and 38.
19
Calculate the highest common factor of 736 and 46.
46
Calculate the highest common factor of 823 and 11.
1
Calculate the greatest common divisor of 234 and 18.
18
Calculate the highest common factor of 24 and 708.
12
What is the greatest common factor of 5 and 15280?
5
What is the highest common divisor of 1288 and 56?
56
What is the highest common factor of 177 and 472?
59
What is the greatest common divisor of 514 and 15163?
257
What is the highest common divisor of 689 and 52?
13
What is the greatest common factor of 71232 and 24?
24
What is the greatest common factor of 860 and 4?
4
Calculate the greatest common divisor of 152 and 15656.
152
Calculate the highest common divisor of 5348 and 84.
28
What is the greatest common factor of 64 and 3032?
8
Calculate the highest common factor of 72 and 4.
4
Calculate the greatest common divisor of 30 and 2010.
30
What is the highest common factor of 150 and 210?
30
What is the highest common factor of 930 and 60?
30
Calculate the highest common divisor of 189 and 7.
7
What is the greatest common factor of 16100 and 140?
140
Calculate the greatest common factor of 15 and 255.
15
Calculate the highest common divisor of 80 and 112.
16
Calculate the greatest common factor of 352 and 160.
32
Calculate the highest common factor of 45 and 135.
45
Calculate the highest common divisor of 322 and 46.
46
What is the highest common factor of 351 and 26?
13
What is the greatest common divisor of 36 and 13266?
18
What is the highest common factor of 1633 and 568?
71
Calculate the highest common divisor of 2492 and 89.
89
What is the highest common divisor of 17554 and 262?
262
Calculate the highest common factor of 18513 and 9.
9
Calculate the greatest common factor of 9843 and 51.
51
Calculate the greatest common divisor of 36 and 24.
12
What is the highest common factor of 13 and 12077?
13
Calculate the highest common factor of 270 and 2565.
135
Calculate the greatest common divisor of 1524 and 288.
12
Calculate the greatest common factor of 5 and 6875.
5
What is the greatest common factor of 18 and 2094?
6
Calculate the greatest common divisor of 260 and 20.
20
What is the highest common divisor of 212 and 12?
4
What is the greatest common divisor of 204 and 493?
17
What is the highest common factor of 3726 and 18?
18
Calculate the greatest common divisor of 12 and 5892.
12
What is the greatest common divisor of 465 and 744?
93
What is the greatest common divisor of 96 and 32?
32
Calculate the highest common divisor of 16 and 272.
16
What is the highest common factor of 24 and 1624?
8
What is the highest common divisor of 6 and 162?
6
What is the greatest common divisor of 53 and 2226?
53
Calculate the highest common factor of 10304 and 48.
16
Calculate the highest common factor of 2070 and 15.
15
What is the greatest common factor of 3475 and 417?
139
Calculate the greatest common factor of 392 and 294.
98
What is the highest common divisor of 6407 and 447?
149
What is the greatest common factor of 5 and 8310?
5
Calculate the greatest common divisor of 1957 and 412.
103
What is the greatest common factor of 160 and 32?
32
Calculate the highest common factor of 2 and 252.
2
What is the greatest common divisor of 37 and 63899?
37
What i